{"id":152,"date":"2019-10-27T23:45:17","date_gmt":"2019-10-27T22:45:17","guid":{"rendered":"https:\/\/sp17.pl\/?page_id=152"},"modified":"2025-10-22T08:31:27","modified_gmt":"2025-10-22T06:31:27","slug":"rada-rodzicow","status":"publish","type":"page","link":"https:\/\/sp17.pl\/?page_id=152","title":{"rendered":"Rada Rodzic\u00f3w"},"content":{"rendered":"\t\t<div data-elementor-type=\"wp-page\" data-elementor-id=\"152\" class=\"elementor elementor-152\" data-elementor-settings=\"[]\">\n\t\t\t\t\t\t<div class=\"elementor-inner\">\n\t\t\t\t\t\t\t<div class=\"elementor-section-wrap\">\n\t\t\t\t\t\t\t<section class=\"elementor-section elementor-top-section elementor-element elementor-element-64221888 elementor-section-boxed elementor-section-height-default elementor-section-height-default\" data-id=\"64221888\" data-element_type=\"section\">\n\t\t\t\t\t\t<div class=\"elementor-container elementor-column-gap-default\">\n\t\t\t\t\t\t\t<div class=\"elementor-row\">\n\t\t\t\t\t<div class=\"elementor-column elementor-col-100 elementor-top-column elementor-element elementor-element-22cf2289\" data-id=\"22cf2289\" data-element_type=\"column\">\n\t\t\t<div class=\"elementor-column-wrap elementor-element-populated\">\n\t\t\t\t\t\t\t<div class=\"elementor-widget-wrap\">\n\t\t\t\t\t\t<div class=\"elementor-element elementor-element-63e77ee2 elementor-widget elementor-widget-text-editor\" data-id=\"63e77ee2\" data-element_type=\"widget\" data-widget_type=\"text-editor.default\">\n\t\t\t\t<div class=\"elementor-widget-container\">\n\t\t\t\t\t<div class=\"elementor-text-editor elementor-clearfix\"><p><!-- wp:paragraph --><\/p>\n<p><strong>Sk\u0142ad Prezydium Rady Rodzic\u00f3w Szko\u0142y Podstawowej nr 17<\/strong><\/p>\n<p><!-- \/wp:paragraph --><!-- wp:paragraph --><\/p>\n<p><strong>Przewodnicz\u0105ca- MARTA KWITOWSKA tel. 505 744 524<\/strong><\/p>\n<p><span style=\"font-weight: bold;\">Zast\u0119pca Przewodnicz\u0105cej- MAGDALENA GRZE\u015aK\u00d3W<\/span><\/p>\n<p><!-- \/wp:paragraph --><!-- wp:paragraph --><\/p>\n<p><strong>Sekretarz- AGNIESZKA W\u0118GIER<\/strong><\/p>\n<p><!-- \/wp:paragraph --><!-- wp:paragraph --><\/p>\n<p><strong>Skarbnik- <\/strong><strong>TOMASZ HEYDUK<\/strong><\/p>\n<p><!-- \/wp:paragraph --><!-- wp:paragraph --><\/p>\n<p>e-mail: <strong>marta.kwitowska@sp17.zgora.pl<\/strong><\/p>\n<p><!-- \/wp:paragraph --><!-- wp:tadv\/classic-paragraph --><\/p>\n<h4>Numer rachunku bankowego do wp\u0142at na fundusz Rady Rodzic\u00f3w.<\/h4>\n<p><strong>Nazwa odbiorcy: <\/strong><em>Rada Rodzic\u00f3w SP 17<\/em><\/p>\n<p><strong>Nowy numer: <\/strong>04 1020 5402 0000 0102 0449 3367<\/p>\n<div>\n<h5 style=\"text-align: justify;\">\u00a0<\/h5>\n<h4><span style=\"color: #000080;\"><strong>SK\u0141ADKI NA ROK SZKOLNY 2025\/2026<\/strong><\/span><\/h4>\n<h5><span style=\"font-family: georgia, palatino, serif; font-size: 12pt;\">&#8211; 60 z\u0142 je\u017celi jedno dziecko z rodziny ucz\u0119szcza do szko\u0142y,<\/span><br \/><span style=\"font-family: georgia, palatino, serif; font-size: 12pt;\">&#8211; 50 z\u0142 je\u017celi do szko\u0142y ucz\u0119szcza dwoje dzieci z rodziny,<\/span><br \/><span style=\"font-family: georgia, palatino, serif; font-size: 12pt;\">&#8211; 40 z\u0142 je\u017celi do szko\u0142y ucz\u0119szcza troje i wi\u0119cej dzieci z jednej rodziny.<\/span><\/h5>\n<p>\u00a0<\/p>\n<p><span style=\"font-size: 12pt;\">P\u0142atne na nowe konto rady rodzic\u00f3w lub u Wychowawcy\/Skarbnika.<\/span><\/p>\n<\/div>\n<p><!-- \/wp:tadv\/classic-paragraph --><!-- wp:paragraph --><\/p>\n<p>INFORMACJA OD RADY RODZIC\u00d3W PRZY SP 17<\/p>\n<p><!-- \/wp:paragraph --><!-- wp:paragraph --><\/p>\n<p><!-- \/wp:paragraph --><!-- wp:tadv\/classic-paragraph --><\/p>\n<h2>INWESTYCJE RADY RODZIC\u00d3W\u00a0<\/h2>\n<p><!-- \/wp:tadv\/classic-paragraph --><!-- wp:gallery {\"linkTo\":\"none\"} --><\/p>\n<figure><!-- wp:image {\"id\":7932,\"linkDestination\":\"none\"} -->\n<p>\u00a0<\/p>\n<figure><img decoding=\"async\" src=\"https:\/\/sp17.pl\/wp-content\/uploads\/2023\/03\/Inwestycje-RR-2_page-0001-1-1024x724.jpg\" alt=\"\" \/><\/figure>\n<p><!-- \/wp:image --><\/p>\n<\/figure>\n<p><!-- \/wp:gallery --><!-- wp:gallery {\"linkTo\":\"none\"} --><\/p>\n<figure><!-- wp:image {\"id\":7933,\"linkDestination\":\"none\"} -->\n<p>\u00a0<\/p>\n<figure><img decoding=\"async\" src=\"https:\/\/sp17.pl\/wp-content\/uploads\/2023\/03\/Inwestycje-RR-2_page-0003-1-1024x724.jpg\" alt=\"\" \/><\/figure>\n<p><!-- \/wp:image --><\/p>\n<\/figure>\n<p><!-- \/wp:gallery --><!-- wp:gallery {\"linkTo\":\"none\"} --><\/p>\n<figure><!-- wp:image {\"id\":7937,\"linkDestination\":\"none\"} -->\n<p>\u00a0<\/p>\n<figure><img decoding=\"async\" src=\"https:\/\/sp17.pl\/wp-content\/uploads\/2023\/03\/Inwestycje-RR-2_page-0002a-3-1024x725.jpg\" alt=\"\" \/><\/figure>\n<p><!-- \/wp:image --><\/p>\n<\/figure>\n<p><!-- \/wp:gallery --><!-- wp:gallery {\"linkTo\":\"none\"} --><\/p>\n<figure><!-- wp:image {\"id\":7938,\"linkDestination\":\"none\"} -->\n<p>\u00a0<\/p>\n<figure><img decoding=\"async\" src=\"https:\/\/sp17.pl\/wp-content\/uploads\/2023\/03\/Inwestycje-RR-2_page-0005a-1024x725.jpg\" alt=\"\" \/><\/figure>\n<p><!-- \/wp:image --><\/p>\n<\/figure>\n<p><!-- \/wp:gallery --><!-- wp:tadv\/classic-paragraph \/--><!-- wp:gallery {\"linkTo\":\"none\"} --><\/p>\n<figure><!-- wp:image {\"id\":7939,\"linkDestination\":\"none\"} -->\n<p>\u00a0<\/p>\n<figure><img decoding=\"async\" src=\"https:\/\/sp17.pl\/wp-content\/uploads\/2023\/03\/Inwestycje-RR-2_page-0004a-1024x725.jpg\" alt=\"\" \/><\/figure>\n<p><!-- \/wp:image --><\/p>\n<\/figure>\n<p><!-- \/wp:gallery --><!-- wp:tadv\/classic-paragraph --><\/p>\n<h5 dir=\"auto\">SKRZATY MAJ\u0104 MOC !<\/h5>\n<h5 dir=\"auto\"><span style=\"font-size: 12pt;\">Hou hou hou<img loading=\"lazy\" decoding=\"async\" src=\"https:\/\/static.xx.fbcdn.net\/images\/emoji.php\/v9\/td8\/1.5\/16\/1f60a.png\" alt=\"\ud83d\ude0a\" width=\"16\" height=\"16\" \/>z wielk\u0105 rado\u015bci\u0105 informujemy, \u017ce uda\u0142o nam si\u0119 zrobi\u0107, to co tak nie\u015bmia\u0142o zaplanowali\u015bmy z ko\u0144cem listopada\u00a0<img loading=\"lazy\" decoding=\"async\" src=\"https:\/\/static.xx.fbcdn.net\/images\/emoji.php\/v9\/t5b\/1.5\/16\/1f60d.png\" alt=\"\ud83d\ude0d\" width=\"16\" height=\"16\" \/>Dzisiaj Szko\u0142\u0119 Podstawow\u0105 nr 17 w ZG odwiedzili pomocnicy \u015bw. Miko\u0142aja i zostawili paczki dla dzieci z rodzin, kt\u00f3re maj\u0105 troch\u0119 gorzej ni\u017c wszyscy<img loading=\"lazy\" decoding=\"async\" src=\"https:\/\/static.xx.fbcdn.net\/images\/emoji.php\/v9\/t5b\/1.5\/16\/1f60d.png\" alt=\"\ud83d\ude0d\" width=\"16\" height=\"16\" \/><img loading=\"lazy\" decoding=\"async\" src=\"https:\/\/static.xx.fbcdn.net\/images\/emoji.php\/v9\/t5b\/1.5\/16\/1f60d.png\" alt=\"\ud83d\ude0d\" width=\"16\" height=\"16\" \/><img loading=\"lazy\" decoding=\"async\" src=\"https:\/\/static.xx.fbcdn.net\/images\/emoji.php\/v9\/t5b\/1.5\/16\/1f60d.png\" alt=\"\ud83d\ude0d\" width=\"16\" height=\"16\" \/>Dzi\u0119ki Wam wszystkim, kt\u00f3rzy kupili Skrzaty Siedemnastki uda\u0142o si\u0119 zrobi\u0107 co\u015b dobrego dla 30 dzieci i 1 rodziny\u00a0<img loading=\"lazy\" decoding=\"async\" src=\"https:\/\/static.xx.fbcdn.net\/images\/emoji.php\/v9\/t43\/1.5\/16\/1f970.png\" alt=\"\ud83e\udd70\" width=\"16\" height=\"16\" \/>Bardzo dzi\u0119kujemy, \u017ce macie takiego dobre serducha-Rada Rodzic\u00f3w SP 17 w ZG<\/span><span style=\"font-size: 12pt;\"><img loading=\"lazy\" decoding=\"async\" src=\"https:\/\/static.xx.fbcdn.net\/images\/emoji.php\/v9\/t33\/1.5\/16\/2665.png\" alt=\"\u2665\ufe0f\" width=\"16\" height=\"16\" \/><\/span><\/h5>\n<p>\u00a0<\/p>\n<p><span style=\"font-size: 12pt;\">P. S. W tym miejscu musimy podzi\u0119kowa\u0107 tym, kt\u00f3rzy uszyli\/zrobili Skrzaty Siedemnastki\u00a0<img loading=\"lazy\" decoding=\"async\" src=\"https:\/\/static.xx.fbcdn.net\/images\/emoji.php\/v9\/t10\/1.5\/16\/1f917.png\" alt=\"\ud83e\udd17\" width=\"16\" height=\"16\" \/>\u2026 Agnieszka, Tomek dzi\u0119kujemy\u00a0<img loading=\"lazy\" decoding=\"async\" src=\"https:\/\/static.xx.fbcdn.net\/images\/emoji.php\/v9\/ta5\/1.5\/16\/1f642.png\" alt=\"\ud83d\ude42\" width=\"16\" height=\"16\" \/>\u00a0oraz osobom, kt\u00f3re podzieli\u0142y si\u0119 domowymi przetworami, czy te\u017c dorzucili do swoich \u015bwi\u0105tecznych zakup\u00f3w artyku\u0142y spo\u017cywcze, z kt\u00f3rych uda\u0142o si\u0119 zrobi\u0107 paczk\u0119 dla potrzebuj\u0105cej rodziny\u00a0<img loading=\"lazy\" decoding=\"async\" src=\"https:\/\/static.xx.fbcdn.net\/images\/emoji.php\/v9\/t33\/1.5\/16\/2665.png\" alt=\"\u2665\ufe0f\" width=\"16\" height=\"16\" \/>DZI\u0118KUJEMY\u00a0<img loading=\"lazy\" decoding=\"async\" src=\"https:\/\/static.xx.fbcdn.net\/images\/emoji.php\/v9\/t43\/1.5\/16\/1f970.png\" alt=\"\ud83e\udd70\" width=\"16\" height=\"16\" \/>Dobro wraca\u2026<\/span><\/p>\n<p>\u00a0<\/p>\n<p>\u00a0<\/p>\n<p><!-- \/wp:tadv\/classic-paragraph --><!-- wp:tadv\/classic-paragraph --><\/p>\n<h5><span style=\"font-size: 12pt;\">I TY MO\u017bESZ ZOSTA\u0106 \u015aWI\u0118TYM MIKO\u0141AJEM \ud83d\ude42<\/span><\/h5>\n<h5><span style=\"font-size: 12pt;\">Rada Rodzic\u00f3w Szko\u0142y Podstawowej nr 17 w Zielonej G\u00f3rze serdecznie zach\u0119ca, zaprasza i informuje \u2013 Skrzaty Siedemnastki polecaj\u0105 si\u0119 nie tylko od \u015bwi\u0119ta\u00a0<img loading=\"lazy\" decoding=\"async\" src=\"https:\/\/static.xx.fbcdn.net\/images\/emoji.php\/v9\/tf3\/1.5\/16\/2764.png\" alt=\"\u2764\" width=\"16\" height=\"16\" \/><\/span><\/h5>\n<h5><span style=\"font-size: 12pt;\">Rada Rodzic\u00f3w SP 17 serdecznie zaprasza do zakupu skrzat\u00f3w. Skrzat Siedemnastek-cegie\u0142ka o cenie minimum 10 z\u0142(ma\u0142y) i minimum 15 z\u0142(du\u017cy)jest do nabycia w sekretariacie szko\u0142y, a doch\u00f3d ze sprzeda\u017cy skrzat\u00f3w zostanie przeznaczony na zakup paczek dla uczni\u00f3w naszej szko\u0142y, pochodz\u0105cych z rodzin gorzej sytuowanych finansowo. Skrzat Siedemnastek mo\u017ce by\u0107 pi\u0119knym upominkiem dla bliskiej nam osoby, dla ulubionej kole\u017canki czy s\u0105siadki<img loading=\"lazy\" decoding=\"async\" src=\"https:\/\/static.xx.fbcdn.net\/images\/emoji.php\/v9\/ta5\/1.5\/16\/1f642.png\" alt=\"\ud83d\ude42\" width=\"16\" height=\"16\" \/>\u00a0Wsp\u00f3lnie podarujmy DOBRO\u00a0<img loading=\"lazy\" decoding=\"async\" src=\"https:\/\/static.xx.fbcdn.net\/images\/emoji.php\/v9\/t43\/1.5\/16\/1f970.png\" alt=\"\ud83e\udd70\" width=\"16\" height=\"16\" \/>\u00a0Wywo\u0142ajmy u\u015bmiech na twarzach dzieci. Poczujmy Magi\u0119 \u015awi\u0105t\u2026.Zapraszamy\u00a0<img loading=\"lazy\" decoding=\"async\" src=\"https:\/\/static.xx.fbcdn.net\/images\/emoji.php\/v9\/tf3\/1.5\/16\/2764.png\" alt=\"\u2764\ufe0f\" width=\"16\" height=\"16\" \/><img loading=\"lazy\" decoding=\"async\" src=\"https:\/\/static.xx.fbcdn.net\/images\/emoji.php\/v9\/tf3\/1.5\/16\/2764.png\" alt=\"\u2764\ufe0f\" width=\"16\" height=\"16\" \/><img loading=\"lazy\" decoding=\"async\" src=\"https:\/\/static.xx.fbcdn.net\/images\/emoji.php\/v9\/tf3\/1.5\/16\/2764.png\" alt=\"\u2764\ufe0f\" width=\"16\" height=\"16\" \/><\/span><\/h5>\n<p>\u00a0<\/p>\n<p>\u00a0<\/p>\n<p>\u00a0<\/p>\n<p><!-- \/wp:tadv\/classic-paragraph --><!-- wp:tadv\/classic-paragraph --><\/p>\n<h4><span style=\"color: #000080;\"><strong>ZAKO\u0143CZENIE ROKU SZKOLNEGO\u00a0 2019\/2020<\/strong><\/span><\/h4>\n<h4 style=\"text-align: justify;\"><span style=\"font-size: 12pt;\">Drodzy Rodzice, Nauczyciele, Drogie Pociechy..<br \/><\/span><span style=\"font-size: 12pt;\">To ju\u017c ostatni dzie\u0144 Roku Szkolnego,<br \/>przesy\u0142amy Wam drobny prezent z tej okazji&#8230;<br \/>\u017byczymy Wam jednocze\u015bnie zdrowych, bezpiecznych<br \/>i radosnych wakacji i&#8230;do zobaczenia we wrze\u015bniu!<\/span><\/h4>\n<div>\n<h4 style=\"text-align: justify;\"><span style=\"font-size: 12pt;\"><a href=\"https:\/\/youtu.be\/kXSMajihx50?fbclid=IwAR0NibJA5zd9mJXRdroexLBWaOtm_ybYppSgrCcWZ2EaLnBcbyEPCSsxRV8\" target=\"_blank\" rel=\"noopener nofollow noreferrer\" data-ft=\"{\" data-lynx-mode=\"async\" data-lynx-uri=\"https:\/\/l.facebook.com\/l.php?u=https%3A%2F%2Fyoutu.be%2FkXSMajihx50%3Ffbclid%3DIwAR0NibJA5zd9mJXRdroexLBWaOtm_ybYppSgrCcWZ2EaLnBcbyEPCSsxRV8&amp;h=AT1vT_YtatAjCceJQPZn_XFCmZGD0TM8Nk416sDsQ1qzPsLm-KWJmENuJLB85vSa9az62V9Rrbi_bOk5bXFZpUDhNxeMWAcAXjhfGtsARYQNh-1_mjCR0DcipwMffh5wOk8VTqUHmBqv4i9uV6SUzACyER873_7cfuaABoWMn1Y4Bh_BaSULUnRQALQlv8dAc_wlW8HJGJefIIAQ58u1EcO7Hu38E8mphggfoZP3P2ImhdtdsMRlFbfZIrQssGCXF3yTJb6BbhOxXgWbDzTPB8cd1xsijM9bN2FHEmYFM8sXiX-XbZKR1Ypri3BtzgcRnEHLgO_uTAe8zCSMw98djDGHI9AtVSgxqTNJLkuYXuKce-LDq-RX4C5GIW34cynZKrSF-_TaE3d6KBHVGt-sj592MFd6YTvZ7xQV3V1MV9878F-H9XRJRfD2W9_cuEUE96jioKdZs6vla5lqY4tt_J0IKeP5lZ7F83_AOQq5keSPozLgtyxNWLF4NEHcTiOb2oAkqsDedCzVhqVc5SGzv1epLi_r-Vi90cmrWcm3-bdmzmpC3UyelMDV4e_Rswr17DtM601icDeoGqfqiC43lzt8vBdxAjdJr1j9Bp4CiVRpxGh2rLPojjS6fOCTwwfZ\">https:\/\/youtu.be\/kXSMajihx50<\/a><\/span><\/h4>\n<h4 style=\"text-align: justify;\"><span style=\"font-size: 12pt;\">Ogromne podzi\u0119kowania dla wszystkich Os\u00f3b uczestnicz\u0105cych w powstaniu filmiku: Rodzicom, Pani Julii i Tomaszowi za podk\u0142ad muzyczny<br \/>i z\u0142o\u017cenie ca\u0142o\u015bci <span title=\"Emotikon smile\"><img loading=\"lazy\" decoding=\"async\" role=\"presentation\" src=\"https:\/\/static.xx.fbcdn.net\/images\/emoji.php\/v9\/ta5\/1.5\/16\/1f642.png\" alt=\"\" width=\"16\" height=\"16\" \/><\/span><\/span><\/h4>\n<p>\u00a0<\/p>\n<p>\u00a0<\/p>\n<p>\u00a0<\/p>\n<\/div>\n<p><!-- \/wp:tadv\/classic-paragraph --><!-- wp:paragraph --><\/p>\n<p><span style=\"color: #000080;\"><strong> ,,Drodzy Rodzice i Nauczyciele&#8221;<\/strong><\/span><\/p>\n<p><!-- \/wp:paragraph --><!-- wp:paragraph {\"align\":\"left\"} --><\/p>\n<p>Zapraszamy Was wszystkich do zaanga\u017cowania si\u0119 w przygotowanie kiermaszu bo\u017conarodzeniowego, kt\u00f3ry odb\u0119dzie si\u0119 w dniach 2-4 grudnia 2019. Ch\u0119tnie przyjmiemy r\u0119cznie wykonane ozdoby choinkowe, stroiki, ga\u0142\u0105zki \u015bwierkowe, ciasto i babeczki, ale te\u017c inne dary, kt\u00f3re zechcecie przekaza\u0107 na cel kiermaszu.<\/p>\n<p><!-- \/wp:paragraph --><!-- wp:paragraph --><\/p>\n<p>Przed ostatnim kiermaszem przekonali\u015bmy si\u0119, \u017ce mo\u017cna liczy\u0107 na Wasz\u0105 pomoc. Z ogromnym sercem anga\u017cujecie si\u0119 w inicjatywy na rzecz szko\u0142y i Waszych Dzieci. Mamy nadziej\u0119, \u017ce tak b\u0119dzie i tym razem. Dary prosz\u0119 przynosi\u0107 do sekretariatu szkolnego.GDALENA OMASZ<\/p>\n<p><!-- \/wp:paragraph --><\/p><\/div>\n\t\t\t\t<\/div>\n\t\t\t\t<\/div>\n\t\t\t\t\t\t<\/div>\n\t\t\t\t\t<\/div>\n\t\t<\/div>\n\t\t\t\t\t\t\t\t<\/div>\n\t\t\t\t\t<\/div>\n\t\t<\/section>\n\t\t\t\t\t\t<\/div>\n\t\t\t\t\t\t<\/div>\n\t\t\t\t\t<\/div>\n\t\t","protected":false},"excerpt":{"rendered":"<p>Sk\u0142ad Prezydium Rady Rodzic\u00f3w Szko\u0142y Podstawowej nr 17 Przewodnicz\u0105ca- MARTA KWITOWSKA tel. 505 744 524 Zast\u0119pca Przewodnicz\u0105cej- MAGDALENA GRZE\u015aK\u00d3W Sekretarz- AGNIESZKA W\u0118GIER Skarbnik- TOMASZ HEYDUK e-mail: marta.kwitowska@sp17.zgora.pl Numer rachunku bankowego do wp\u0142at na fundusz Rady Rodzic\u00f3w. Nazwa odbiorcy: Rada Rodzic\u00f3w SP 17 Nowy numer: 04 1020 5402 0000 0102 0449 3367 \u00a0 SK\u0141ADKI NA ROK &hellip;<\/p>\n<p class=\"read-more\"> <a class=\"\" href=\"https:\/\/sp17.pl\/?page_id=152\"> <span class=\"screen-reader-text\">Rada Rodzic\u00f3w<\/span> Czytaj wi\u0119cej<\/a><\/p>\n","protected":false},"author":1,"featured_media":0,"parent":0,"menu_order":12,"comment_status":"closed","ping_status":"closed","template":"","meta":{"ngg_post_thumbnail":0,"site-sidebar-layout":"default","site-content-layout":"","ast-site-content-layout":"","site-content-style":"default","site-sidebar-style":"default","ast-global-header-display":"","ast-banner-title-visibility":"","ast-main-header-display":"","ast-hfb-above-header-display":"","ast-hfb-below-header-display":"","ast-hfb-mobile-header-display":"","site-post-title":"","ast-breadcrumbs-content":"","ast-featured-img":"","footer-sml-layout":"","theme-transparent-header-meta":"","adv-header-id-meta":"","stick-header-meta":"","header-above-stick-meta":"","header-main-stick-meta":"","header-below-stick-meta":"","astra-migrate-meta-layouts":"default","ast-page-background-enabled":"default","ast-page-background-meta":{"desktop":{"background-color":"var(--ast-global-color-4)","background-image":"","background-repeat":"repeat","background-position":"center center","background-size":"auto","background-attachment":"scroll","background-type":"","background-media":"","overlay-type":"","overlay-color":"","overlay-gradient":""},"tablet":{"background-color":"","background-image":"","background-repeat":"repeat","background-position":"center center","background-size":"auto","background-attachment":"scroll","background-type":"","background-media":"","overlay-type":"","overlay-color":"","overlay-gradient":""},"mobile":{"background-color":"","background-image":"","background-repeat":"repeat","background-position":"center center","background-size":"auto","background-attachment":"scroll","background-type":"","background-media":"","overlay-type":"","overlay-color":"","overlay-gradient":""}},"ast-content-background-meta":{"desktop":{"background-color":"var(--ast-global-color-5)","background-image":"","background-repeat":"repeat","background-position":"center center","background-size":"auto","background-attachment":"scroll","background-type":"","background-media":"","overlay-type":"","overlay-color":"","overlay-gradient":""},"tablet":{"background-color":"var(--ast-global-color-5)","background-image":"","background-repeat":"repeat","background-position":"center center","background-size":"auto","background-attachment":"scroll","background-type":"","background-media":"","overlay-type":"","overlay-color":"","overlay-gradient":""},"mobile":{"background-color":"var(--ast-global-color-5)","background-image":"","background-repeat":"repeat","background-position":"center center","background-size":"auto","background-attachment":"scroll","background-type":"","background-media":"","overlay-type":"","overlay-color":"","overlay-gradient":""}},"footnotes":""},"_links":{"self":[{"href":"https:\/\/sp17.pl\/index.php?rest_route=\/wp\/v2\/pages\/152"}],"collection":[{"href":"https:\/\/sp17.pl\/index.php?rest_route=\/wp\/v2\/pages"}],"about":[{"href":"https:\/\/sp17.pl\/index.php?rest_route=\/wp\/v2\/types\/page"}],"author":[{"embeddable":true,"href":"https:\/\/sp17.pl\/index.php?rest_route=\/wp\/v2\/users\/1"}],"replies":[{"embeddable":true,"href":"https:\/\/sp17.pl\/index.php?rest_route=%2Fwp%2Fv2%2Fcomments&post=152"}],"version-history":[{"count":33,"href":"https:\/\/sp17.pl\/index.php?rest_route=\/wp\/v2\/pages\/152\/revisions"}],"predecessor-version":[{"id":11994,"href":"https:\/\/sp17.pl\/index.php?rest_route=\/wp\/v2\/pages\/152\/revisions\/11994"}],"wp:attachment":[{"href":"https:\/\/sp17.pl\/index.php?rest_route=%2Fwp%2Fv2%2Fmedia&parent=152"}],"curies":[{"name":"wp","href":"https:\/\/api.w.org\/{rel}","templated":true}]}}