{"id":3140,"date":"2020-11-08T17:10:50","date_gmt":"2020-11-08T16:10:50","guid":{"rendered":"https:\/\/sp17.pl\/?page_id=3140"},"modified":"2024-09-28T10:38:01","modified_gmt":"2024-09-28T08:38:01","slug":"egzamin-osmoklasisty-2020-2021","status":"publish","type":"page","link":"https:\/\/sp17.pl\/?page_id=3140","title":{"rendered":"Egzamin \u00f3smoklasisty"},"content":{"rendered":"<h6>\u00a0<\/h6>\n<p>\n\n<h4><strong>PREZENTACJA EGZAMINU \u00d3SMOKLASISTY NA ROK 2024\/2025<\/strong><\/h4>\n<h5>Pod linkiem: <a href=\"https:\/\/sp17.pl\/wp-content\/uploads\/2024\/09\/Egzamin-osmoklasisty-2025.pdf\">Egzamin \u00f3smoklasisty 2025 &nbsp;<\/a>znajdziecie prezentacj\u0119 na temat egzaminu w 2015 r.&nbsp; Zach\u0119camy do zapoznania.&nbsp;<\/h5>\n<p>&nbsp;<\/p>\n\n<h5>&nbsp;<\/h5>\n<h4><strong>EGZAMIN \u00d3SMOKLASISTY 2023\/2024<\/strong><\/h4>\n<h5><strong>Harmonogram<\/strong><\/h5>\n<table>\n<tbody>\n<tr>\n<td width=\"274\">\n<p><strong>&nbsp;&nbsp;&nbsp;&nbsp;&nbsp;&nbsp;&nbsp;&nbsp;&nbsp;&nbsp; Termin g\u0142\u00f3wny<\/strong><\/p>\n<\/td>\n<td width=\"330\">\n<p><strong>1. j\u0119zyk polski<\/strong> \u2013 &nbsp;14 maja 2024 r. (wtorek) \u2013godz. 9:00<\/p>\n<p><strong>2. matematyka<\/strong> \u2013 &nbsp;15 maja 2024 r. (\u015broda) \u2013 godz. 9:00<\/p>\n<p><strong>3. j\u0119zyk obcy nowo\u017cytny<\/strong> \u2013 16 maja 2024 r. (czwartek) \u2013 godz. 9:00<\/p>\n<\/td>\n<\/tr>\n<tr>\n<td width=\"274\">\n<p><strong>&nbsp;&nbsp;&nbsp;&nbsp;&nbsp;&nbsp;&nbsp;&nbsp;&nbsp;&nbsp; Termin dodatkowy<\/strong><\/p>\n<\/td>\n<td width=\"330\">\n<p><strong>1. j\u0119zyk polski<\/strong> \u2013 10 czerwca 2024 r. (poniedzia\u0142ek) \u2013 godz. 9:00<\/p>\n<p><strong>2. matematyka<\/strong> \u2013 11 czerwca 2024 r. (wtorek) \u2013 godz. 9:00<\/p>\n<p><strong>3. j\u0119zyk obcy nowo\u017cytny<\/strong> \u2013 12 czerwca 2024 r. (\u015broda) \u2013 godz. 9:00<\/p>\n<\/td>\n<\/tr>\n<tr>\n<td width=\"274\">\n<p><strong>&nbsp;<\/strong><\/p>\n<p><strong>Termin og\u0142oszenia wynik\u00f3w egzaminu \u00f3smoklasisty<\/strong><\/p>\n<p>&nbsp;<\/p>\n<\/td>\n<td width=\"330\">\n<p>3 lipca 2024 r.<\/p>\n<\/td>\n<\/tr>\n<tr>\n<td width=\"274\">\n<p><strong>Termin wydania zdaj\u0105cym za\u015bwiadcze\u0144 oraz informacji<\/strong><\/p>\n<\/td>\n<td width=\"330\">\n<p>3 lipca 2024 r.<\/p>\n<\/td>\n<\/tr>\n<\/tbody>\n<\/table>\n<p><strong>&nbsp;<\/strong><\/p>\n<p><strong>Czas trwania egzaminu z poszczeg\u00f3lnych przedmiot\u00f3w<\/strong><\/p>\n<p>&nbsp;<\/p>\n<table>\n<tbody>\n<tr>\n<td colspan=\"4\" width=\"603\">\n<p><strong>Czas trwania w minutach<\/strong><\/p>\n<\/td>\n<\/tr>\n<tr>\n<td width=\"112\">&nbsp;<\/td>\n<td width=\"163\">\n<p>arkusz standardowy<\/p>\n<\/td>\n<td width=\"215\">\n<p>przed\u0142u\u017cenie dla os\u00f3b<\/p>\n<p>z dostosowaniami<\/p>\n<\/td>\n<td width=\"113\">\n<p>arkusz<\/p>\n<p>dla &nbsp;<\/p>\n<p>cudzoziemc\u00f3w<\/p>\n<\/td>\n<\/tr>\n<tr>\n<td width=\"112\">\n<p><strong>j\u0119zyk polski<\/strong><\/p>\n<\/td>\n<td width=\"163\">\n<p>120 minut<\/p>\n<\/td>\n<td colspan=\"2\" width=\"328\">\n<p>do 180 minut<\/p>\n<\/td>\n<\/tr>\n<tr>\n<td width=\"112\">\n<p><strong>matematyka<\/strong><\/p>\n<\/td>\n<td width=\"163\">\n<p>100 minut<\/p>\n<\/td>\n<td colspan=\"2\" width=\"328\">\n<p>do 150 minut<\/p>\n<\/td>\n<\/tr>\n<tr>\n<td width=\"112\">\n<p><strong>j\u0119zyk obcy nowo\u017cytny<\/strong><\/p>\n<\/td>\n<td width=\"163\">\n<p>90 minut<\/p>\n<\/td>\n<td width=\"215\">\n<p>&nbsp;&nbsp;&nbsp;&nbsp;&nbsp;&nbsp;&nbsp;&nbsp;&nbsp;&nbsp;&nbsp;&nbsp;&nbsp;&nbsp;&nbsp;&nbsp;&nbsp;&nbsp;&nbsp;&nbsp;&nbsp;&nbsp;&nbsp;&nbsp;&nbsp;&nbsp;&nbsp; do 135 minut<\/p>\n<\/td>\n<td width=\"113\">\n<p>&#8211;<\/p>\n<\/td>\n<\/tr>\n<\/tbody>\n<\/table>\n<h5 style=\"text-align: justify;\"><strong>DODATKOWE INFORMACJE: <\/strong>1. EGZAMIN JEST OBOWI\u0104ZKOWY I NIE MA PROGU ZDAWALNO\u015aCI; 2. \u00d3SMOKLASISTA przyst\u0119puje do egzaminu z trzech przedmiot\u00f3w: j\u0119zyk polski, matematyka, j\u0119zyk obcy.<\/h5>\n<h5 style=\"text-align: justify;\">*Wynik egzaminu z ka\u017cdego przedmiotu jest przedstawiony<br>w procentach i w skali centylowej.<\/h5>\n<h5 style=\"text-align: justify;\">Wynik w procentach to odsetek punkt\u00f3w (zaokr\u0105glony do liczby ca\u0142kowitej), kt\u00f3re ucze\u0144 uzyska\u0142 za rozwi\u0105zanie zada\u0144 zawartych w arkuszu egzaminacyjnym.<\/h5>\n<h5 style=\"text-align: justify;\">Wynik w skali centylowej to odsetek liczby uczni\u00f3w (zaokr\u0105glony do liczby ca\u0142kowitej), kt\u00f3rzy uzyskali z danego przedmiotu wynik taki sam lub ni\u017cszy ni\u017c dany ucze\u0144.<\/h5>\n<h5 style=\"text-align: justify;\">Laureat lub finalista og\u00f3lnopolskiej olimpiady przedmiotowej albo laureat konkursu przedmiotowego o zasi\u0119gu wojew\u00f3dzkim lub ponad wojew\u00f3dzkim organizowanym z zakresu jednego z przedmiot\u00f3w obj\u0119tych egzaminem \u00f3smoklasisty, jest zwolniony z egzaminu z tego przedmiotu.<\/h5>\n<h5><strong>Wa\u017cne terminy:<\/strong><\/h5>\n<h5 style=\"text-align: justify;\">&#8211; do <strong>2 pa\u017adziernika 2023 r.<\/strong> rodzice maj\u0105 obowi\u0105zek z\u0142o\u017cenia dyrektorowi szko\u0142y pisemnej deklaracji wskazuj\u0105cej j\u0119zyk obcy nowo\u017cytny, z kt\u00f3rego ucze\u0144 przyst\u0105pi do egzaminu;<\/h5>\n<h5>&#8211; w przypadku uczni\u00f3w \u2013 obywateli Ukrainy, kt\u00f3rzy rozpocz\u0119li nauk\u0119 w klasie VIII szko\u0142y podstawowej po 30 wrze\u015bnia 2022 r., deklaracj\u0119&nbsp; sk\u0142ada si\u0119 w terminie do <strong>15 marca 2024 r<\/strong>.<\/h5>\n<h5>&#8211; rodzice ucznia lub s\u0142uchacz mog\u0105 z\u0142o\u017cy\u0107 dyrektorowi szko\u0142y, nie p\u00f3\u017aniej ni\u017c do <strong>14 lutego 2024 r.<\/strong>, pisemn\u0105 informacj\u0119 o zmianie j\u0119zyka obcego nowo\u017cytnego wskazanego w deklaracji na inny j\u0119zyk obcy, kt\u00f3rego ucze\u0144 lub s\u0142uchacz uczy si\u0119 w ramach obowi\u0105zkowych zaj\u0119\u0107 edukacyjnych<\/h5>\n<h5>&#8211; w przypadku gdy ucze\u0144 lub s\u0142uchacz uzyska\u0142 tytu\u0142 laureata lub finalisty olimpiady przedmiotowej wymienionej w wykazie olimpiad albo uzyska\u0142 tytu\u0142 laureata konkursu przedmiotowego o zasi\u0119gu wojew\u00f3dzkim lub ponad wojew\u00f3dzkim z innego j\u0119zyka obcego nowo\u017cytnego ni\u017c ten, kt\u00f3ry zosta\u0142 zadeklarowany, dyrektor szko\u0142y, na wniosek rodzic\u00f3w ucznia lub na wniosek s\u0142uchacza, z\u0142o\u017cony nie p\u00f3\u017aniej ni\u017c do <strong>30 kwietnia 2024 r.<\/strong>, &nbsp;informuje okr\u0119gow\u0105 komisj\u0119 egzaminacyjn\u0105 o zmianie j\u0119zyka obcego nowo\u017cytnego, je\u017celi j\u0119zyka&nbsp; tego ucze\u0144 lub s\u0142uchacz uczy si\u0119 w ramach obowi\u0105zkowych zaj\u0119\u0107 edukacyjnych&nbsp;<\/h5>\n<h5 style=\"text-align: justify;\"><strong>&#8211; do 16 pa\u017adziernika 2023 r. <\/strong>rodzice przedk\u0142adaj\u0105 dyrektorowi szko\u0142y za\u015bwiadczenie o stanie zdrowia ucznia lub opini\u0119 poradni psychologiczno-pedagogicznej o specyficznych trudno\u015bciach w uczeniu si\u0119;<\/h5>\n<h5>&#8211; rodzice ucznia lub s\u0142uchacz sk\u0142adaj\u0105 o\u015bwiadczenie o korzystaniu albo niekorzystaniu ze wskazanych sposob\u00f3w dostosowania w terminie 3&nbsp; dni roboczych od dnia otrzymania informacji, nie p\u00f3\u017aniej jednak ni\u017c do <strong>24 listopada 2023 r.<\/strong><\/h5>\n<h5><strong>FILMY INFORMACYJNE O EGZAMINIE:<\/strong><\/h5>\n<p><a style=\"color: #333399;\" href=\"https:\/\/www.oke.poznan.pl\/cms,5177,filmy_informacyjne_o_egzaminie_osmoklasisty.htm\"><strong>https:\/\/www.oke.poznan.pl\/cms,5177,filmy_informacyjne_o_egzaminie_osmoklasisty.html<\/strong><\/a><\/p>\n<p><a style=\"color: #333399;\" href=\"https:\/\/cke.gov.pl\/images\/_EGZAMIN_OSMOKLASISTY\/Informatory\/Informator_P1_polski.pdf\"><strong>https:\/\/cke.gov.pl\/images\/_EGZAMIN_OSMOKLASISTY\/Informatory\/Inf<\/strong><\/a> <a style=\"color: #333399;\" href=\"https:\/\/cke.gov.pl\/images\/_EGZAMIN_OSMOKLASISTY\/Informatory\/Informator_P1_polski.pdf\"><strong>ormator_P1_polski.pdf<\/strong><\/a><\/p>\n<p><a style=\"color: #333399;\" href=\"https:\/\/cke.gov.pl\/images\/_EGZAMIN_OSMOKLASISTY\/Informatory\/Informator_P1_matematyka.pdf\"><strong>https:\/\/cke.gov.pl\/images\/_EGZAMIN_OSMOKLASISTY\/Informatory\/Inf<\/strong><\/a> <a style=\"color: #333399;\" href=\"https:\/\/cke.gov.pl\/images\/_EGZAMIN_OSMOKLASISTY\/Informatory\/Informator_P1_matematyka.pdf\"><strong>ormator_P1_matematyka.pdf<\/strong><\/a><\/p>\n<p><a style=\"color: #333399;\" href=\"https:\/\/cke.gov.pl\/images\/_EGZAMIN_OSMOKLASISTY\/Informatory\/Informator_P1_angielski.pdf\"><strong>https:\/\/cke.gov.pl\/images\/_EGZAMIN_OSMOKLASISTY\/Informatory\/Inf<\/strong><\/a> <a style=\"color: #333399;\" href=\"https:\/\/cke.gov.pl\/images\/_EGZAMIN_OSMOKLASISTY\/Informatory\/Informator_P1_angielski.pdf\"><strong>ormator_P1_angielski.pdf<\/strong><\/a><\/p>\n<p><a style=\"color: #333399;\" href=\"https:\/\/cke.gov.pl\/images\/_EGZAMIN_OSMOKLASISTY\/Informatory\/Informator_P1_niemiecki.pdf\"><strong>https:\/\/cke.gov.pl\/images\/_EGZAMIN_OSMOKLASISTY\/Informatory\/Inf<\/strong><\/a> <a style=\"color: #333399;\" href=\"https:\/\/cke.gov.pl\/images\/_EGZAMIN_OSMOKLASISTY\/Informatory\/Informator_P1_niemiecki.pdf\"><strong>ormator_P1_niemiecki.pdf<\/strong><\/a><\/p>\n<p>&nbsp;<\/p>\n\n\n<\/p>\n<h3><strong>JAK PRACOWA\u0106 Z ARKUSZEM EGZAMINACYJNYM<br \/>\u2013 PRAKTYCZNE WSKAZ\u00d3WKI<\/strong><\/h3>\n<p>\u00a0<\/p>\n<p>\n\n\n<\/p>\n<h2>\n<h5 style=\"font-style: normal; white-space-collapse: collapse;\">J\u0119zyk polski<\/h3>\n<\/h2>\n<p>\t\t\t<a href=\"https:\/\/www.youtube.com\/watch?v=wjW8uUeSIkU&#038;feature=emb_title\" role=\"button\"><br \/>\n\t\t\t\t\t\tTrening czyni mistrza cz.1<br \/>\n\t\t\t\t\t<\/a><br \/>\n\t\t\t<a href=\"https:\/\/www.youtube.com\/watch?v=-CkuZ-5tRIU&#038;feature=emb_title\" role=\"button\"><br \/>\n\t\t\t\t\t\tTrening czyni mistrza cz.2<br \/>\n\t\t\t\t\t<\/a><br \/>\n\t\t\t<a href=\"https:\/\/www.youtube.com\/watch?v=RhK8QPBwiNc&#038;feature=emb_title\" role=\"button\"><br \/>\n\t\t\t\t\t\tTrening czyni mistrza cz.3<br \/>\n\t\t\t\t\t<\/a><\/p>\n<h2>\n<h5 style=\"font-style: normal; white-space-collapse: collapse;\">Matematyka<\/h3>\n<\/h2>\n<p>\t\t\t<a href=\"https:\/\/www.youtube.com\/watch?v=ulppQqW7dZg&#038;feature=emb_title\" role=\"button\"><br \/>\n\t\t\t\t\t\tTrening czyni mistrza cz.1<br \/>\n\t\t\t\t\t<\/a><br \/>\n\t\t\t<a href=\"https:\/\/www.youtube.com\/watch?v=XQJBlz0KL3Q&#038;feature=emb_title\" role=\"button\"><br \/>\n\t\t\t\t\t\tTrening czyni mistrza cz.2<br \/>\n\t\t\t\t\t<\/a><br \/>\n\t\t\t<a href=\"https:\/\/www.youtube.com\/watch?v=hymSU4edx5s&#038;feature=emb_title\" role=\"button\"><br \/>\n\t\t\t\t\t\tTrening czyni mistrza cz.3<br \/>\n\t\t\t\t\t<\/a><\/p>","protected":false},"excerpt":{"rendered":"<p>\u00a0 PREZENTACJA EGZAMINU \u00d3SMOKLASISTY NA ROK 2024\/2025 Pod linkiem: Egzamin \u00f3smoklasisty 2025 &nbsp;znajdziecie prezentacj\u0119 na temat egzaminu w 2015 r.&nbsp; Zach\u0119camy do zapoznania.&nbsp; &nbsp; &nbsp; EGZAMIN \u00d3SMOKLASISTY 2023\/2024 Harmonogram &nbsp;&nbsp;&nbsp;&nbsp;&nbsp;&nbsp;&nbsp;&nbsp;&nbsp;&nbsp; Termin g\u0142\u00f3wny 1. j\u0119zyk polski \u2013 &nbsp;14 maja 2024 r. (wtorek) \u2013godz. 9:00 2. matematyka \u2013 &nbsp;15 maja 2024 r. (\u015broda) \u2013 godz. 9:00 3. &hellip;<\/p>\n<p class=\"read-more\"> <a class=\"\" href=\"https:\/\/sp17.pl\/?page_id=3140\"> <span class=\"screen-reader-text\">Egzamin \u00f3smoklasisty<\/span> Czytaj wi\u0119cej<\/a><\/p>\n","protected":false},"author":1,"featured_media":0,"parent":0,"menu_order":0,"comment_status":"closed","ping_status":"closed","template":"","meta":{"ngg_post_thumbnail":0,"site-sidebar-layout":"default","site-content-layout":"","ast-site-content-layout":"","site-content-style":"default","site-sidebar-style":"default","ast-global-header-display":"","ast-banner-title-visibility":"","ast-main-header-display":"","ast-hfb-above-header-display":"","ast-hfb-below-header-display":"","ast-hfb-mobile-header-display":"","site-post-title":"","ast-breadcrumbs-content":"","ast-featured-img":"","footer-sml-layout":"","theme-transparent-header-meta":"","adv-header-id-meta":"","stick-header-meta":"","header-above-stick-meta":"","header-main-stick-meta":"","header-below-stick-meta":"","astra-migrate-meta-layouts":"default","ast-page-background-enabled":"default","ast-page-background-meta":{"desktop":{"background-color":"var(--ast-global-color-4)","background-image":"","background-repeat":"repeat","background-position":"center center","background-size":"auto","background-attachment":"scroll","background-type":"","background-media":"","overlay-type":"","overlay-color":"","overlay-gradient":""},"tablet":{"background-color":"","background-image":"","background-repeat":"repeat","background-position":"center center","background-size":"auto","background-attachment":"scroll","background-type":"","background-media":"","overlay-type":"","overlay-color":"","overlay-gradient":""},"mobile":{"background-color":"","background-image":"","background-repeat":"repeat","background-position":"center center","background-size":"auto","background-attachment":"scroll","background-type":"","background-media":"","overlay-type":"","overlay-color":"","overlay-gradient":""}},"ast-content-background-meta":{"desktop":{"background-color":"var(--ast-global-color-5)","background-image":"","background-repeat":"repeat","background-position":"center center","background-size":"auto","background-attachment":"scroll","background-type":"","background-media":"","overlay-type":"","overlay-color":"","overlay-gradient":""},"tablet":{"background-color":"var(--ast-global-color-5)","background-image":"","background-repeat":"repeat","background-position":"center center","background-size":"auto","background-attachment":"scroll","background-type":"","background-media":"","overlay-type":"","overlay-color":"","overlay-gradient":""},"mobile":{"background-color":"var(--ast-global-color-5)","background-image":"","background-repeat":"repeat","background-position":"center center","background-size":"auto","background-attachment":"scroll","background-type":"","background-media":"","overlay-type":"","overlay-color":"","overlay-gradient":""}},"footnotes":""},"_links":{"self":[{"href":"https:\/\/sp17.pl\/index.php?rest_route=\/wp\/v2\/pages\/3140"}],"collection":[{"href":"https:\/\/sp17.pl\/index.php?rest_route=\/wp\/v2\/pages"}],"about":[{"href":"https:\/\/sp17.pl\/index.php?rest_route=\/wp\/v2\/types\/page"}],"author":[{"embeddable":true,"href":"https:\/\/sp17.pl\/index.php?rest_route=\/wp\/v2\/users\/1"}],"replies":[{"embeddable":true,"href":"https:\/\/sp17.pl\/index.php?rest_route=%2Fwp%2Fv2%2Fcomments&post=3140"}],"version-history":[{"count":24,"href":"https:\/\/sp17.pl\/index.php?rest_route=\/wp\/v2\/pages\/3140\/revisions"}],"predecessor-version":[{"id":10718,"href":"https:\/\/sp17.pl\/index.php?rest_route=\/wp\/v2\/pages\/3140\/revisions\/10718"}],"wp:attachment":[{"href":"https:\/\/sp17.pl\/index.php?rest_route=%2Fwp%2Fv2%2Fmedia&parent=3140"}],"curies":[{"name":"wp","href":"https:\/\/api.w.org\/{rel}","templated":true}]}}