{"id":393,"date":"2019-11-09T18:17:15","date_gmt":"2019-11-09T17:17:15","guid":{"rendered":"https:\/\/sp17.pl\/?page_id=393"},"modified":"2026-04-27T09:26:54","modified_gmt":"2026-04-27T07:26:54","slug":"nabor-do-klasy-pierwszej","status":"publish","type":"page","link":"https:\/\/sp17.pl\/?page_id=393","title":{"rendered":"Nab\u00f3r do klasy pierwszej"},"content":{"rendered":"\t\t<div data-elementor-type=\"wp-page\" data-elementor-id=\"393\" class=\"elementor elementor-393\" data-elementor-settings=\"[]\">\n\t\t\t\t\t\t<div class=\"elementor-inner\">\n\t\t\t\t\t\t\t<div class=\"elementor-section-wrap\">\n\t\t\t\t\t\t\t<section class=\"elementor-section elementor-top-section elementor-element elementor-element-4d62e272 elementor-section-boxed elementor-section-height-default elementor-section-height-default\" data-id=\"4d62e272\" data-element_type=\"section\">\n\t\t\t\t\t\t<div class=\"elementor-container elementor-column-gap-default\">\n\t\t\t\t\t\t\t<div class=\"elementor-row\">\n\t\t\t\t\t<div class=\"elementor-column elementor-col-100 elementor-top-column elementor-element elementor-element-14722019\" data-id=\"14722019\" data-element_type=\"column\">\n\t\t\t<div class=\"elementor-column-wrap elementor-element-populated\">\n\t\t\t\t\t\t\t<div class=\"elementor-widget-wrap\">\n\t\t\t\t\t\t<div class=\"elementor-element elementor-element-482a2bf8 elementor-widget elementor-widget-text-editor\" data-id=\"482a2bf8\" data-element_type=\"widget\" data-widget_type=\"text-editor.default\">\n\t\t\t\t<div class=\"elementor-widget-container\">\n\t\t\t\t\t<div class=\"elementor-text-editor elementor-clearfix\"><p><!-- wp:tadv\/classic-paragraph --><\/p>\n<h4>Nab\u00f3r na rok szkolny 2026\/2027<\/h4>\n<h4>\u00a0<\/h4>\n<p>Szczeg\u00f3\u0142owy harmonogram znajdziecie Pa\u0144stwo na stronie Urz\u0119du Miasta: <a href=\"https:\/\/www.zielona-gora.pl\/nabor-do-publicznych-szkol-podstawowych-na-rok-szkolny-2026-2027\/\" target=\"_blank\" rel=\"noopener\">TUTAJ<\/a><\/p>\n<p>\u00a0<\/p>\n<p><a href=\"https:\/\/nabor.pcss.pl\/\" target=\"_blank\" rel=\"noopener\">LINK DO SYSTEMU NABORU<\/a><\/p>\n<h6><strong>4 maja o godz. 12:00 &#8211;\u00a0 opublikowanie list kandydat\u00f3w zakwalifikowanych i kandydat\u00f3w niezakwalifikowanych.<\/strong><\/h6>\n<h6><strong><span style=\"color: #ff0000;\">WA\u017bNE !!!<\/span>\u00a0<\/strong><\/h6>\n<h6><strong>od 4 maja (od godz. 12<sup>00<\/sup>) do 14 maja br.<\/strong> <strong>\u2013 potwierdzenie przez rodzic\u00f3w kandydata woli przyj\u0119cia \u2013 drog\u0105 elektroniczn\u0105 (rodzice kandydat\u00f3w mog\u0105 przes\u0142a\u0107 potwierdzenie woli przyj\u0119cia <\/strong><br \/><strong>do ko\u0144ca dnia tj. do godz. 24<sup>00<\/sup> w dniu 14 maja br., zgodnie z instrukcj\u0105 przesy\u0142ania <\/strong><strong>tej woli, kt\u00f3ra b\u0119dzie zamieszczona na stronach naboru. Mo\u017cna to uczyni\u0107 w formie papierowej, w szkole b\u0119d\u0105 dost\u0119pne druki potwierdzenia.<\/strong><\/h6>\n<h6><strong>15 maja o godz. 12:00 &#8211; opublikowanie list kandydat\u00f3w przyj\u0119tych i nieprzyj\u0119tych.<\/strong><\/h6>\n<p>\u00a0<\/p>\n<div><a href=\"https:\/\/drive.google.com\/file\/d\/1u3VcroaMM9cuyTomXIKgyMySt8m-X5q6\/view?usp=sharing\" target=\"_blank\" rel=\"noopener\">WYPRAWKA PIERWSZAKA<\/a><\/div>\n<h5>\u00a0<\/h5>\n<p><span style=\"font-size: 12pt; font-style: inherit;\">C<\/span><span style=\"font-size: 12pt; font-style: inherit;\">O MAJ\u0104 DO POWIEDZENIA M\u0141ODSZYM KOLE\u017bANKOM I KOLEGOM UCZNIOWIE NASZEJ SZKO\u0141Y ?<\/span><\/p>\n<p><span style=\"font-size: 12pt;\">KONIECZNIE\u00a0 TO ZOBACZCIE!!!!<\/span><\/p>\n<p>\u00a0<\/p>\n<p><!-- \/wp:tadv\/classic-paragraph --><\/p><\/div>\n\t\t\t\t<\/div>\n\t\t\t\t<\/div>\n\t\t\t\t<section class=\"elementor-section elementor-inner-section elementor-element elementor-element-ce4faff elementor-section-boxed elementor-section-height-default elementor-section-height-default\" data-id=\"ce4faff\" data-element_type=\"section\">\n\t\t\t\t\t\t<div class=\"elementor-container elementor-column-gap-default\">\n\t\t\t\t\t\t\t<div class=\"elementor-row\">\n\t\t\t\t\t<div class=\"elementor-column elementor-col-50 elementor-inner-column elementor-element elementor-element-006b912\" data-id=\"006b912\" data-element_type=\"column\">\n\t\t\t<div class=\"elementor-column-wrap elementor-element-populated\">\n\t\t\t\t\t\t\t<div class=\"elementor-widget-wrap\">\n\t\t\t\t\t\t<div class=\"elementor-element elementor-element-b588178 elementor-align-left elementor-mobile-align-center elementor-widget elementor-widget-button\" data-id=\"b588178\" data-element_type=\"widget\" data-widget_type=\"button.default\">\n\t\t\t\t<div class=\"elementor-widget-container\">\n\t\t\t\t\t<div class=\"elementor-button-wrapper\">\n\t\t\t<a href=\"https:\/\/www.youtube.com\/watch?v=4lNGEbLYdWM\" class=\"elementor-button-link elementor-button elementor-size-md\" role=\"button\">\n\t\t\t\t\t\t<span class=\"elementor-button-content-wrapper\">\n\t\t\t\t\t\t<span class=\"elementor-button-text\">Film<\/span>\n\t\t<\/span>\n\t\t\t\t\t<\/a>\n\t\t<\/div>\n\t\t\t\t<\/div>\n\t\t\t\t<\/div>\n\t\t\t\t\t\t<\/div>\n\t\t\t\t\t<\/div>\n\t\t<\/div>\n\t\t\t\t<div class=\"elementor-column elementor-col-50 elementor-inner-column elementor-element elementor-element-eb80224\" data-id=\"eb80224\" data-element_type=\"column\">\n\t\t\t<div class=\"elementor-column-wrap elementor-element-populated\">\n\t\t\t\t\t\t\t<div class=\"elementor-widget-wrap\">\n\t\t\t\t\t\t<div class=\"elementor-element elementor-element-5d3b910 elementor-align-left elementor-mobile-align-center elementor-widget elementor-widget-button\" data-id=\"5d3b910\" data-element_type=\"widget\" data-widget_type=\"button.default\">\n\t\t\t\t<div class=\"elementor-widget-container\">\n\t\t\t\t\t<div class=\"elementor-button-wrapper\">\n\t\t\t<a href=\"https:\/\/drive.google.com\/file\/d\/1u3VcroaMM9cuyTomXIKgyMySt8m-X5q6\/view\" class=\"elementor-button-link elementor-button elementor-size-md\" role=\"button\">\n\t\t\t\t\t\t<span class=\"elementor-button-content-wrapper\">\n\t\t\t\t\t\t<span class=\"elementor-button-text\">Wyprawka pierwszaka<\/span>\n\t\t<\/span>\n\t\t\t\t\t<\/a>\n\t\t<\/div>\n\t\t\t\t<\/div>\n\t\t\t\t<\/div>\n\t\t\t\t\t\t<\/div>\n\t\t\t\t\t<\/div>\n\t\t<\/div>\n\t\t\t\t\t\t\t\t<\/div>\n\t\t\t\t\t<\/div>\n\t\t<\/section>\n\t\t\t\t\t\t<\/div>\n\t\t\t\t\t<\/div>\n\t\t<\/div>\n\t\t\t\t\t\t\t\t<\/div>\n\t\t\t\t\t<\/div>\n\t\t<\/section>\n\t\t\t\t\t\t<\/div>\n\t\t\t\t\t\t<\/div>\n\t\t\t\t\t<\/div>\n\t\t","protected":false},"excerpt":{"rendered":"<p>Nab\u00f3r na rok szkolny 2026\/2027 \u00a0 Szczeg\u00f3\u0142owy harmonogram znajdziecie Pa\u0144stwo na stronie Urz\u0119du Miasta: TUTAJ \u00a0 LINK DO SYSTEMU NABORU 4 maja o godz. 12:00 &#8211;\u00a0 opublikowanie list kandydat\u00f3w zakwalifikowanych i kandydat\u00f3w niezakwalifikowanych. WA\u017bNE !!!\u00a0 od 4 maja (od godz. 1200) do 14 maja br. \u2013 potwierdzenie przez rodzic\u00f3w kandydata woli przyj\u0119cia \u2013 drog\u0105 elektroniczn\u0105 &hellip;<\/p>\n<p class=\"read-more\"> <a class=\"\" href=\"https:\/\/sp17.pl\/?page_id=393\"> <span class=\"screen-reader-text\">Nab\u00f3r do klasy pierwszej<\/span> Czytaj wi\u0119cej<\/a><\/p>\n","protected":false},"author":1,"featured_media":0,"parent":0,"menu_order":0,"comment_status":"closed","ping_status":"closed","template":"","meta":{"ngg_post_thumbnail":0,"site-sidebar-layout":"default","site-content-layout":"","ast-site-content-layout":"","site-content-style":"default","site-sidebar-style":"default","ast-global-header-display":"","ast-banner-title-visibility":"","ast-main-header-display":"","ast-hfb-above-header-display":"","ast-hfb-below-header-display":"","ast-hfb-mobile-header-display":"","site-post-title":"","ast-breadcrumbs-content":"","ast-featured-img":"","footer-sml-layout":"","theme-transparent-header-meta":"","adv-header-id-meta":"","stick-header-meta":"","header-above-stick-meta":"","header-main-stick-meta":"","header-below-stick-meta":"","astra-migrate-meta-layouts":"default","ast-page-background-enabled":"default","ast-page-background-meta":{"desktop":{"background-color":"var(--ast-global-color-4)","background-image":"","background-repeat":"repeat","background-position":"center center","background-size":"auto","background-attachment":"scroll","background-type":"","background-media":"","overlay-type":"","overlay-color":"","overlay-gradient":""},"tablet":{"background-color":"","background-image":"","background-repeat":"repeat","background-position":"center center","background-size":"auto","background-attachment":"scroll","background-type":"","background-media":"","overlay-type":"","overlay-color":"","overlay-gradient":""},"mobile":{"background-color":"","background-image":"","background-repeat":"repeat","background-position":"center center","background-size":"auto","background-attachment":"scroll","background-type":"","background-media":"","overlay-type":"","overlay-color":"","overlay-gradient":""}},"ast-content-background-meta":{"desktop":{"background-color":"var(--ast-global-color-5)","background-image":"","background-repeat":"repeat","background-position":"center center","background-size":"auto","background-attachment":"scroll","background-type":"","background-media":"","overlay-type":"","overlay-color":"","overlay-gradient":""},"tablet":{"background-color":"var(--ast-global-color-5)","background-image":"","background-repeat":"repeat","background-position":"center center","background-size":"auto","background-attachment":"scroll","background-type":"","background-media":"","overlay-type":"","overlay-color":"","overlay-gradient":""},"mobile":{"background-color":"var(--ast-global-color-5)","background-image":"","background-repeat":"repeat","background-position":"center center","background-size":"auto","background-attachment":"scroll","background-type":"","background-media":"","overlay-type":"","overlay-color":"","overlay-gradient":""}},"footnotes":""},"_links":{"self":[{"href":"https:\/\/sp17.pl\/index.php?rest_route=\/wp\/v2\/pages\/393"}],"collection":[{"href":"https:\/\/sp17.pl\/index.php?rest_route=\/wp\/v2\/pages"}],"about":[{"href":"https:\/\/sp17.pl\/index.php?rest_route=\/wp\/v2\/types\/page"}],"author":[{"embeddable":true,"href":"https:\/\/sp17.pl\/index.php?rest_route=\/wp\/v2\/users\/1"}],"replies":[{"embeddable":true,"href":"https:\/\/sp17.pl\/index.php?rest_route=%2Fwp%2Fv2%2Fcomments&post=393"}],"version-history":[{"count":139,"href":"https:\/\/sp17.pl\/index.php?rest_route=\/wp\/v2\/pages\/393\/revisions"}],"predecessor-version":[{"id":12487,"href":"https:\/\/sp17.pl\/index.php?rest_route=\/wp\/v2\/pages\/393\/revisions\/12487"}],"wp:attachment":[{"href":"https:\/\/sp17.pl\/index.php?rest_route=%2Fwp%2Fv2%2Fmedia&parent=393"}],"curies":[{"name":"wp","href":"https:\/\/api.w.org\/{rel}","templated":true}]}}